{"version":"1.0","provider_name":"Prefeitura Municipal de Sonora","provider_url":"https:\/\/sonora.ms.gov.br\/v2","title":"NOTA DE ESCLARECIMENTO - Prefeitura Municipal de Sonora","type":"rich","width":600,"height":338,"html":"<blockquote class=\"wp-embedded-content\" data-secret=\"IW09GgHzfA\"><a href=\"https:\/\/sonora.ms.gov.br\/v2\/nota-de-esclarecimento-2\/\">NOTA DE ESCLARECIMENTO<\/a><\/blockquote><iframe sandbox=\"allow-scripts\" security=\"restricted\" src=\"https:\/\/sonora.ms.gov.br\/v2\/nota-de-esclarecimento-2\/embed\/#?secret=IW09GgHzfA\" width=\"600\" height=\"338\" title=\"&#8220;NOTA DE ESCLARECIMENTO&#8221; &#8212; Prefeitura Municipal de Sonora\" data-secret=\"IW09GgHzfA\" frameborder=\"0\" marginwidth=\"0\" marginheight=\"0\" scrolling=\"no\" class=\"wp-embedded-content\"><\/iframe><script type=\"text\/javascript\">\n\/* <![CDATA[ *\/\n\/*! This file is auto-generated *\/\n!function(d,l){\"use strict\";l.querySelector&&d.addEventListener&&\"undefined\"!=typeof URL&&(d.wp=d.wp||{},d.wp.receiveEmbedMessage||(d.wp.receiveEmbedMessage=function(e){var t=e.data;if((t||t.secret||t.message||t.value)&&!\/[^a-zA-Z0-9]\/.test(t.secret)){for(var s,r,n,a=l.querySelectorAll('iframe[data-secret=\"'+t.secret+'\"]'),o=l.querySelectorAll('blockquote[data-secret=\"'+t.secret+'\"]'),c=new RegExp(\"^https?:$\",\"i\"),i=0;i<o.length;i++)o[i].style.display=\"none\";for(i=0;i<a.length;i++)s=a[i],e.source===s.contentWindow&&(s.removeAttribute(\"style\"),\"height\"===t.message?(1e3<(r=parseInt(t.value,10))?r=1e3:~~r<200&&(r=200),s.height=r):\"link\"===t.message&&(r=new URL(s.getAttribute(\"src\")),n=new URL(t.value),c.test(n.protocol))&&n.host===r.host&&l.activeElement===s&&(d.top.location.href=t.value))}},d.addEventListener(\"message\",d.wp.receiveEmbedMessage,!1),l.addEventListener(\"DOMContentLoaded\",function(){for(var e,t,s=l.querySelectorAll(\"iframe.wp-embedded-content\"),r=0;r<s.length;r++)(t=(e=s[r]).getAttribute(\"data-secret\"))||(t=Math.random().toString(36).substring(2,12),e.src+=\"#?secret=\"+t,e.setAttribute(\"data-secret\",t)),e.contentWindow.postMessage({message:\"ready\",secret:t},\"*\")},!1)))}(window,document);\n\/\/# sourceURL=https:\/\/sonora.ms.gov.br\/v2\/wp-includes\/js\/wp-embed.min.js\n\/* ]]> *\/\n<\/script>\n","thumbnail_url":"https:\/\/sonora.ms.gov.br\/v2\/wp-content\/uploads\/2023\/03\/PMSonora-Comunicado-1068x668-1.jpg","thumbnail_width":1068,"thumbnail_height":668,"description":"NOTA DE ESCLARECIMENTO A Prefeitura Municipal de Sonora por meio da Ger\u00eancia de Educa\u00e7\u00e3o, informa que todas as informa\u00e7\u00f5es sobre contrata\u00e7\u00e3o de professores tempor\u00e1rios foram enviadas ao Minist\u00e9rio P\u00fablico, conforme solicitado pelo \u00f3rg\u00e3o. Informamos ainda que todas as contrata\u00e7\u00f5es realizadas foram feitas para suprir a demanda de profissionais afastados por licen\u00e7as de sa\u00fade e maternidade, [&hellip;]"}

NOTA DE ESCLARECIMENTO A Prefeitura Municipal de Sonora por meio da Gerência de Educação, informa que todas as informações sobre contratação de professores temporários foram enviadas ao Ministério Público, conforme solicitado pelo órgão. Informamos ainda que todas as contratações realizadas foram feitas para suprir a demanda de profissionais afastados por licenças de saúde e maternidade, [&hellip;]
