{"version":"1.0","provider_name":"Prefeitura Municipal de Sonora","provider_url":"https:\/\/sonora.ms.gov.br\/v2","title":"NOTA DE ESCLARECIMENTO - Prefeitura Municipal de Sonora","type":"rich","width":600,"height":338,"html":"<blockquote class=\"wp-embedded-content\" data-secret=\"5yE2dESL3m\"><a href=\"https:\/\/sonora.ms.gov.br\/v2\/nota-de-esclarecimento-3\/\">NOTA DE ESCLARECIMENTO<\/a><\/blockquote><iframe sandbox=\"allow-scripts\" security=\"restricted\" src=\"https:\/\/sonora.ms.gov.br\/v2\/nota-de-esclarecimento-3\/embed\/#?secret=5yE2dESL3m\" width=\"600\" height=\"338\" title=\"&#8220;NOTA DE ESCLARECIMENTO&#8221; &#8212; Prefeitura Municipal de Sonora\" data-secret=\"5yE2dESL3m\" frameborder=\"0\" marginwidth=\"0\" marginheight=\"0\" scrolling=\"no\" class=\"wp-embedded-content\"><\/iframe><script type=\"text\/javascript\">\n\/* <![CDATA[ *\/\n\/*! This file is auto-generated *\/\n!function(d,l){\"use strict\";l.querySelector&&d.addEventListener&&\"undefined\"!=typeof URL&&(d.wp=d.wp||{},d.wp.receiveEmbedMessage||(d.wp.receiveEmbedMessage=function(e){var t=e.data;if((t||t.secret||t.message||t.value)&&!\/[^a-zA-Z0-9]\/.test(t.secret)){for(var s,r,n,a=l.querySelectorAll('iframe[data-secret=\"'+t.secret+'\"]'),o=l.querySelectorAll('blockquote[data-secret=\"'+t.secret+'\"]'),c=new RegExp(\"^https?:$\",\"i\"),i=0;i<o.length;i++)o[i].style.display=\"none\";for(i=0;i<a.length;i++)s=a[i],e.source===s.contentWindow&&(s.removeAttribute(\"style\"),\"height\"===t.message?(1e3<(r=parseInt(t.value,10))?r=1e3:~~r<200&&(r=200),s.height=r):\"link\"===t.message&&(r=new URL(s.getAttribute(\"src\")),n=new URL(t.value),c.test(n.protocol))&&n.host===r.host&&l.activeElement===s&&(d.top.location.href=t.value))}},d.addEventListener(\"message\",d.wp.receiveEmbedMessage,!1),l.addEventListener(\"DOMContentLoaded\",function(){for(var e,t,s=l.querySelectorAll(\"iframe.wp-embedded-content\"),r=0;r<s.length;r++)(t=(e=s[r]).getAttribute(\"data-secret\"))||(t=Math.random().toString(36).substring(2,12),e.src+=\"#?secret=\"+t,e.setAttribute(\"data-secret\",t)),e.contentWindow.postMessage({message:\"ready\",secret:t},\"*\")},!1)))}(window,document);\n\/\/# sourceURL=https:\/\/sonora.ms.gov.br\/v2\/wp-includes\/js\/wp-embed.min.js\n\/* ]]> *\/\n<\/script>\n","thumbnail_url":"https:\/\/sonora.ms.gov.br\/v2\/wp-content\/uploads\/2023\/07\/PMSonora-Comunicado-1068x668-1.jpg","thumbnail_width":1068,"thumbnail_height":668,"description":"A Ger\u00eancia Municipal de Educa\u00e7\u00e3o Cultura Esporte e Lazer informa a todos que, no in\u00edcio da manh\u00e3 de hoje, dia 03 de julho de 2023, houve um incidente envolvendo um ve\u00edculo do transporte escolar, terceirizado, cuja as causas ainda est\u00e3o sendo apuradas, dentro de um processo administrativo, garantido o contradit\u00f3rio e ampla defesa como obriga [&hellip;]"}

A Gerência Municipal de Educação Cultura Esporte e Lazer informa a todos que, no início da manhã de hoje, dia 03 de julho de 2023, houve um incidente envolvendo um veículo do transporte escolar, terceirizado, cuja as causas ainda estão sendo apuradas, dentro de um processo administrativo, garantido o contraditório e ampla defesa como obriga [&hellip;]
