{"version":"1.0","provider_name":"Prefeitura Municipal de Sonora","provider_url":"https:\/\/sonora.ms.gov.br\/v2","title":"Prefeitura leva Hiperdia para comunidade rural de Sonora - Prefeitura Municipal de Sonora","type":"rich","width":600,"height":338,"html":"<blockquote class=\"wp-embedded-content\" data-secret=\"IXMpRqFs8P\"><a href=\"https:\/\/sonora.ms.gov.br\/v2\/prefeitura-leva-hiperia-para-comunidade-rural-de-sonora\/\">Prefeitura leva Hiperdia para comunidade rural de Sonora<\/a><\/blockquote><iframe sandbox=\"allow-scripts\" security=\"restricted\" src=\"https:\/\/sonora.ms.gov.br\/v2\/prefeitura-leva-hiperia-para-comunidade-rural-de-sonora\/embed\/#?secret=IXMpRqFs8P\" width=\"600\" height=\"338\" title=\"&#8220;Prefeitura leva Hiperdia para comunidade rural de Sonora&#8221; &#8212; Prefeitura Municipal de Sonora\" data-secret=\"IXMpRqFs8P\" frameborder=\"0\" marginwidth=\"0\" marginheight=\"0\" scrolling=\"no\" class=\"wp-embedded-content\"><\/iframe><script type=\"text\/javascript\">\n\/* <![CDATA[ *\/\n\/*! This file is auto-generated *\/\n!function(d,l){\"use strict\";l.querySelector&&d.addEventListener&&\"undefined\"!=typeof URL&&(d.wp=d.wp||{},d.wp.receiveEmbedMessage||(d.wp.receiveEmbedMessage=function(e){var t=e.data;if((t||t.secret||t.message||t.value)&&!\/[^a-zA-Z0-9]\/.test(t.secret)){for(var s,r,n,a=l.querySelectorAll('iframe[data-secret=\"'+t.secret+'\"]'),o=l.querySelectorAll('blockquote[data-secret=\"'+t.secret+'\"]'),c=new RegExp(\"^https?:$\",\"i\"),i=0;i<o.length;i++)o[i].style.display=\"none\";for(i=0;i<a.length;i++)s=a[i],e.source===s.contentWindow&&(s.removeAttribute(\"style\"),\"height\"===t.message?(1e3<(r=parseInt(t.value,10))?r=1e3:~~r<200&&(r=200),s.height=r):\"link\"===t.message&&(r=new URL(s.getAttribute(\"src\")),n=new URL(t.value),c.test(n.protocol))&&n.host===r.host&&l.activeElement===s&&(d.top.location.href=t.value))}},d.addEventListener(\"message\",d.wp.receiveEmbedMessage,!1),l.addEventListener(\"DOMContentLoaded\",function(){for(var e,t,s=l.querySelectorAll(\"iframe.wp-embedded-content\"),r=0;r<s.length;r++)(t=(e=s[r]).getAttribute(\"data-secret\"))||(t=Math.random().toString(36).substring(2,12),e.src+=\"#?secret=\"+t,e.setAttribute(\"data-secret\",t)),e.contentWindow.postMessage({message:\"ready\",secret:t},\"*\")},!1)))}(window,document);\n\/\/# sourceURL=https:\/\/sonora.ms.gov.br\/v2\/wp-includes\/js\/wp-embed.min.js\n\/* ]]> *\/\n<\/script>\n","thumbnail_url":"https:\/\/sonora.ms.gov.br\/v2\/wp-content\/uploads\/2019\/06\/HIPER-DIA-RURAL-3.jpeg","thumbnail_width":1280,"thumbnail_height":960,"description":"O prefeito anunciou que a administra\u00e7\u00e3o municipal far\u00e1 a instala\u00e7\u00e3o da Academia da Sa\u00fade na comunidade do Assentamento Carlos Roberto Soares de Melo As pessoas que s\u00e3o hipertensos, diab\u00e9ticos ou vivem em situa\u00e7\u00f5es de risco dessas doen\u00e7as, est\u00e3o tendo uma aten\u00e7\u00e3o especial da Prefeitura de Sonora, que por meio da Ger\u00eancia de Sa\u00fade, est\u00e1 desenvolvendo [&hellip;]"}

O prefeito anunciou que a administração municipal fará a instalação da Academia da Saúde na comunidade do Assentamento Carlos Roberto Soares de Melo As pessoas que são hipertensos, diabéticos ou vivem em situações de risco dessas doenças, estão tendo uma atenção especial da Prefeitura de Sonora, que por meio da Gerência de Saúde, está desenvolvendo [&hellip;]
