{"id":10723,"date":"2023-03-29T14:27:03","date_gmt":"2023-03-29T18:27:03","guid":{"rendered":"https:\/\/sonora.ms.gov.br\/v2\/?page_id=10723"},"modified":"2023-04-24T11:53:29","modified_gmt":"2023-04-24T15:53:29","slug":"processo-seletivo-simplificado-009-2023","status":"publish","type":"page","link":"https:\/\/sonora.ms.gov.br\/v2\/processo-seletivo-simplificado-009-2023\/","title":{"rendered":"Processo Seletivo Simplificado 009\/2023"},"content":{"rendered":"<p>Para mais informa\u00e7\u00f5es, consulte os editais abaixo:<\/p>\n<p>Edital 001 Abertura (<a href=\"https:\/\/sonora.ms.gov.br\/v2\/wp-content\/uploads\/2023\/03\/EDITALDEABERTURA-PSS-009-2023.pdf\" target=\"_blank\" rel=\"noopener\">Clique para Abrir<\/a>)<br \/>\nAnexo I Formul\u00e1rio de Inscri\u00e7\u00e3o (<a href=\"https:\/\/sonora.ms.gov.br\/v2\/wp-content\/uploads\/2023\/03\/ANEXO-I-09-2023.pdf\" target=\"_blank\" rel=\"noopener\">Clique para Abrir<\/a>)<br \/>\nAnexo II Cronograma (<a href=\"https:\/\/sonora.ms.gov.br\/v2\/wp-content\/uploads\/2023\/03\/ANEXO-II-09-2023.pdf\" target=\"_blank\" rel=\"noopener\">Clique para Abrir<\/a>)<br \/>\nAnexo III Ficha de Recursos (<a href=\"https:\/\/sonora.ms.gov.br\/v2\/wp-content\/uploads\/2023\/03\/ANEXO-III-09-2023.pdf\" target=\"_blank\" rel=\"noopener\">Clique para Abrir<\/a>)<br \/>\nAnexo IV Documentos para Contrata\u00e7\u00e3o (<a href=\"https:\/\/sonora.ms.gov.br\/v2\/wp-content\/uploads\/2023\/03\/ANEXO-IV-09-2023.pdf\" target=\"_blank\" rel=\"noopener\">Clique para Abrir<\/a>)<br \/>\nAnexo V Avalia\u00e7\u00e3o de T\u00edtulos (<a href=\"https:\/\/sonora.ms.gov.br\/v2\/wp-content\/uploads\/2023\/03\/ANEXO-V-009-2023.pdf\" target=\"_blank\" rel=\"noopener\">Clique para Abrir<\/a>)<\/p>\n<p><strong>Per\u00edodo de inscri\u00e7\u00e3o:<\/strong><br \/>\n&#8211; In\u00edcio das Inscri\u00e7\u00f5es: 05\/04\/2023<br \/>\n&#8211; T\u00e9rmino das Inscri\u00e7\u00f5es: 06\/04\/2023<\/p>\n<p><strong>Local:<\/strong><br \/>\nGerencia de Obras e Servi\u00e7os Urbanos<br \/>\nRua do Cedro, 262, Vila Nova, Sonora\/MS<\/p>\n","protected":false},"excerpt":{"rendered":"<p>Para mais informa\u00e7\u00f5es, consulte os editais abaixo: Edital 001 Abertura (Clique para Abrir) Anexo I Formul\u00e1rio de Inscri\u00e7\u00e3o (Clique para Abrir) Anexo II Cronograma (Clique para Abrir) Anexo III Ficha de Recursos (Clique para Abrir) Anexo IV Documentos para Contrata\u00e7\u00e3o (Clique para Abrir) Anexo V Avalia\u00e7\u00e3o de T\u00edtulos (Clique para Abrir) Per\u00edodo de inscri\u00e7\u00e3o: &#8211; [&hellip;]<\/p>\n","protected":false},"author":1,"featured_media":0,"parent":0,"menu_order":0,"comment_status":"closed","ping_status":"closed","template":"","meta":{"footnotes":""},"class_list":["post-10723","page","type-page","status-publish","hentry"],"yoast_head":"<!-- This site is optimized with the Yoast SEO plugin v27.4 - https:\/\/yoast.com\/product\/yoast-seo-wordpress\/ -->\n<title>Processo Seletivo Simplificado 009\/2023 - Prefeitura Municipal de Sonora<\/title>\n<meta name=\"robots\" content=\"index, follow, max-snippet:-1, max-image-preview:large, max-video-preview:-1\" \/>\n<link rel=\"canonical\" href=\"https:\/\/sonora.ms.gov.br\/v2\/processo-seletivo-simplificado-009-2023\/\" \/>\n<meta property=\"og:locale\" content=\"pt_BR\" \/>\n<meta property=\"og:type\" content=\"article\" \/>\n<meta property=\"og:title\" content=\"Processo Seletivo Simplificado 009\/2023 - Prefeitura Municipal de Sonora\" \/>\n<meta property=\"og:description\" content=\"Para mais informa\u00e7\u00f5es, consulte os editais abaixo: Edital 001 Abertura (Clique para Abrir) Anexo I Formul\u00e1rio de Inscri\u00e7\u00e3o (Clique para Abrir) Anexo II Cronograma (Clique para Abrir) Anexo III Ficha de Recursos (Clique para Abrir) Anexo IV Documentos para Contrata\u00e7\u00e3o (Clique para Abrir) Anexo V Avalia\u00e7\u00e3o de T\u00edtulos (Clique para Abrir) Per\u00edodo de inscri\u00e7\u00e3o: &#8211; [&hellip;]\" \/>\n<meta property=\"og:url\" content=\"https:\/\/sonora.ms.gov.br\/v2\/processo-seletivo-simplificado-009-2023\/\" \/>\n<meta property=\"og:site_name\" content=\"Prefeitura Municipal de Sonora\" \/>\n<meta property=\"article:publisher\" content=\"https:\/\/www.facebook.com\/Prefeitura-Municipal-de-Sonora-320210145060198\" \/>\n<meta property=\"article:modified_time\" content=\"2023-04-24T15:53:29+00:00\" \/>\n<meta name=\"twitter:card\" content=\"summary_large_image\" \/>\n<meta name=\"twitter:label1\" content=\"Est. tempo de leitura\" \/>\n\t<meta name=\"twitter:data1\" content=\"1 minuto\" \/>\n<script type=\"application\/ld+json\" class=\"yoast-schema-graph\">{\"@context\":\"https:\\\/\\\/schema.org\",\"@graph\":[{\"@type\":\"WebPage\",\"@id\":\"https:\\\/\\\/sonora.ms.gov.br\\\/v2\\\/processo-seletivo-simplificado-009-2023\\\/\",\"url\":\"https:\\\/\\\/sonora.ms.gov.br\\\/v2\\\/processo-seletivo-simplificado-009-2023\\\/\",\"name\":\"Processo Seletivo Simplificado 009\\\/2023 - Prefeitura Municipal de Sonora\",\"isPartOf\":{\"@id\":\"https:\\\/\\\/sonora.ms.gov.br\\\/v2\\\/#website\"},\"datePublished\":\"2023-03-29T18:27:03+00:00\",\"dateModified\":\"2023-04-24T15:53:29+00:00\",\"breadcrumb\":{\"@id\":\"https:\\\/\\\/sonora.ms.gov.br\\\/v2\\\/processo-seletivo-simplificado-009-2023\\\/#breadcrumb\"},\"inLanguage\":\"pt-BR\",\"potentialAction\":[{\"@type\":\"ReadAction\",\"target\":[\"https:\\\/\\\/sonora.ms.gov.br\\\/v2\\\/processo-seletivo-simplificado-009-2023\\\/\"]}]},{\"@type\":\"BreadcrumbList\",\"@id\":\"https:\\\/\\\/sonora.ms.gov.br\\\/v2\\\/processo-seletivo-simplificado-009-2023\\\/#breadcrumb\",\"itemListElement\":[{\"@type\":\"ListItem\",\"position\":1,\"name\":\"In\u00edcio\",\"item\":\"https:\\\/\\\/sonora.ms.gov.br\\\/v2\\\/\"},{\"@type\":\"ListItem\",\"position\":2,\"name\":\"Processo Seletivo Simplificado 009\\\/2023\"}]},{\"@type\":\"WebSite\",\"@id\":\"https:\\\/\\\/sonora.ms.gov.br\\\/v2\\\/#website\",\"url\":\"https:\\\/\\\/sonora.ms.gov.br\\\/v2\\\/\",\"name\":\"Prefeitura Municipal de Sonora\",\"description\":\"Poder Executivo\",\"potentialAction\":[{\"@type\":\"SearchAction\",\"target\":{\"@type\":\"EntryPoint\",\"urlTemplate\":\"https:\\\/\\\/sonora.ms.gov.br\\\/v2\\\/?s={search_term_string}\"},\"query-input\":{\"@type\":\"PropertyValueSpecification\",\"valueRequired\":true,\"valueName\":\"search_term_string\"}}],\"inLanguage\":\"pt-BR\"}]}<\/script>\n<!-- \/ Yoast SEO plugin. -->","yoast_head_json":{"title":"Processo Seletivo Simplificado 009\/2023 - Prefeitura Municipal de Sonora","robots":{"index":"index","follow":"follow","max-snippet":"max-snippet:-1","max-image-preview":"max-image-preview:large","max-video-preview":"max-video-preview:-1"},"canonical":"https:\/\/sonora.ms.gov.br\/v2\/processo-seletivo-simplificado-009-2023\/","og_locale":"pt_BR","og_type":"article","og_title":"Processo Seletivo Simplificado 009\/2023 - Prefeitura Municipal de Sonora","og_description":"Para mais informa\u00e7\u00f5es, consulte os editais abaixo: Edital 001 Abertura (Clique para Abrir) Anexo I Formul\u00e1rio de Inscri\u00e7\u00e3o (Clique para Abrir) Anexo II Cronograma (Clique para Abrir) Anexo III Ficha de Recursos (Clique para Abrir) Anexo IV Documentos para Contrata\u00e7\u00e3o (Clique para Abrir) Anexo V Avalia\u00e7\u00e3o de T\u00edtulos (Clique para Abrir) Per\u00edodo de inscri\u00e7\u00e3o: &#8211; [&hellip;]","og_url":"https:\/\/sonora.ms.gov.br\/v2\/processo-seletivo-simplificado-009-2023\/","og_site_name":"Prefeitura Municipal de Sonora","article_publisher":"https:\/\/www.facebook.com\/Prefeitura-Municipal-de-Sonora-320210145060198","article_modified_time":"2023-04-24T15:53:29+00:00","twitter_card":"summary_large_image","twitter_misc":{"Est. tempo de leitura":"1 minuto"},"schema":{"@context":"https:\/\/schema.org","@graph":[{"@type":"WebPage","@id":"https:\/\/sonora.ms.gov.br\/v2\/processo-seletivo-simplificado-009-2023\/","url":"https:\/\/sonora.ms.gov.br\/v2\/processo-seletivo-simplificado-009-2023\/","name":"Processo Seletivo Simplificado 009\/2023 - Prefeitura Municipal de Sonora","isPartOf":{"@id":"https:\/\/sonora.ms.gov.br\/v2\/#website"},"datePublished":"2023-03-29T18:27:03+00:00","dateModified":"2023-04-24T15:53:29+00:00","breadcrumb":{"@id":"https:\/\/sonora.ms.gov.br\/v2\/processo-seletivo-simplificado-009-2023\/#breadcrumb"},"inLanguage":"pt-BR","potentialAction":[{"@type":"ReadAction","target":["https:\/\/sonora.ms.gov.br\/v2\/processo-seletivo-simplificado-009-2023\/"]}]},{"@type":"BreadcrumbList","@id":"https:\/\/sonora.ms.gov.br\/v2\/processo-seletivo-simplificado-009-2023\/#breadcrumb","itemListElement":[{"@type":"ListItem","position":1,"name":"In\u00edcio","item":"https:\/\/sonora.ms.gov.br\/v2\/"},{"@type":"ListItem","position":2,"name":"Processo Seletivo Simplificado 009\/2023"}]},{"@type":"WebSite","@id":"https:\/\/sonora.ms.gov.br\/v2\/#website","url":"https:\/\/sonora.ms.gov.br\/v2\/","name":"Prefeitura Municipal de Sonora","description":"Poder Executivo","potentialAction":[{"@type":"SearchAction","target":{"@type":"EntryPoint","urlTemplate":"https:\/\/sonora.ms.gov.br\/v2\/?s={search_term_string}"},"query-input":{"@type":"PropertyValueSpecification","valueRequired":true,"valueName":"search_term_string"}}],"inLanguage":"pt-BR"}]}},"_links":{"self":[{"href":"https:\/\/sonora.ms.gov.br\/v2\/wp-json\/wp\/v2\/pages\/10723","targetHints":{"allow":["GET"]}}],"collection":[{"href":"https:\/\/sonora.ms.gov.br\/v2\/wp-json\/wp\/v2\/pages"}],"about":[{"href":"https:\/\/sonora.ms.gov.br\/v2\/wp-json\/wp\/v2\/types\/page"}],"author":[{"embeddable":true,"href":"https:\/\/sonora.ms.gov.br\/v2\/wp-json\/wp\/v2\/users\/1"}],"replies":[{"embeddable":true,"href":"https:\/\/sonora.ms.gov.br\/v2\/wp-json\/wp\/v2\/comments?post=10723"}],"version-history":[{"count":4,"href":"https:\/\/sonora.ms.gov.br\/v2\/wp-json\/wp\/v2\/pages\/10723\/revisions"}],"predecessor-version":[{"id":10830,"href":"https:\/\/sonora.ms.gov.br\/v2\/wp-json\/wp\/v2\/pages\/10723\/revisions\/10830"}],"wp:attachment":[{"href":"https:\/\/sonora.ms.gov.br\/v2\/wp-json\/wp\/v2\/media?parent=10723"}],"curies":[{"name":"wp","href":"https:\/\/api.w.org\/{rel}","templated":true}]}}