{"id":12223,"date":"2025-01-11T16:13:53","date_gmt":"2025-01-11T20:13:53","guid":{"rendered":"https:\/\/sonora.ms.gov.br\/v2\/?page_id=12223"},"modified":"2025-01-12T16:11:57","modified_gmt":"2025-01-12T20:11:57","slug":"processo-seletivo-simplificado-005-2025-saude","status":"publish","type":"page","link":"https:\/\/sonora.ms.gov.br\/v2\/processo-seletivo-simplificado-005-2025-saude\/","title":{"rendered":"Processo Seletivo Simplificado 005\/2025 (Sa\u00fade)"},"content":{"rendered":"<p>Para mais informa\u00e7\u00f5es, consulte os editais abaixo:<\/p>\n<p>Edital 001 Edital de Abertura (<a href=\"https:\/\/sonora.ms.gov.br\/v2\/wp-content\/uploads\/2025\/01\/PSS0052025_Saude-Edital001.pdf\" target=\"_blank\" rel=\"noopener\">Clique para Abrir<\/a>)<\/p>\n<p><strong>Per\u00edodo de inscri\u00e7\u00e3o:<\/strong><br \/>\n&#8211; In\u00edcio das Inscri\u00e7\u00f5es: 13\/01\/2025 (7h00)<br \/>\n&#8211; T\u00e9rmino das Inscri\u00e7\u00f5es: 16\/01\/2025 (11h00)<\/p>\n<p><strong>Das Inscri\u00e7\u00f5es:<\/strong><br \/>\nA entrega dos documentos para as inscri\u00e7\u00f5es ser\u00e3o realizadas no per\u00edodo de 13 a 16 de janeiro de 2025, cronograma completo no Anexo II.<br \/>\nO hor\u00e1rio da entrega dos documentos para as inscri\u00e7\u00f5es ser\u00e1 das 07h00min \u00e0s 11h00min, na Ger\u00eancia Municipal de Sa\u00fade, situada na Av. Avenida Wilson Barbosa Martins, n\u00ba 971 &#8211; Centro, Sonora\/MS, onde dever\u00e3o ser entregue em envelope lacrado o FORMUL\u00c1RIO DE INSCRI\u00c7\u00c3O (ANEXO III) E AS C\u00d3PIAS DOS DOCUMENTOS REQUERIDOS (ITEM 4) DEVIDAMENTE PREENCHIDO E ASSINADO PELO CANDIDATO. Informa\u00e7\u00f5es pelo telefone (67) 9.9890-6508.<\/p>\n","protected":false},"excerpt":{"rendered":"<p>Para mais informa\u00e7\u00f5es, consulte os editais abaixo: Edital 001 Edital de Abertura (Clique para Abrir) Per\u00edodo de inscri\u00e7\u00e3o: &#8211; In\u00edcio das Inscri\u00e7\u00f5es: 13\/01\/2025 (7h00) &#8211; T\u00e9rmino das Inscri\u00e7\u00f5es: 16\/01\/2025 (11h00) Das Inscri\u00e7\u00f5es: A entrega dos documentos para as inscri\u00e7\u00f5es ser\u00e3o realizadas no per\u00edodo de 13 a 16 de janeiro de 2025, cronograma completo no Anexo [&hellip;]<\/p>\n","protected":false},"author":1,"featured_media":0,"parent":0,"menu_order":0,"comment_status":"closed","ping_status":"closed","template":"","meta":{"footnotes":""},"class_list":["post-12223","page","type-page","status-publish","hentry"],"yoast_head":"<!-- This site is optimized with the Yoast SEO plugin v27.4 - https:\/\/yoast.com\/product\/yoast-seo-wordpress\/ -->\n<title>Processo Seletivo Simplificado 005\/2025 (Sa\u00fade) - Prefeitura Municipal de Sonora<\/title>\n<meta name=\"robots\" content=\"index, follow, max-snippet:-1, max-image-preview:large, max-video-preview:-1\" \/>\n<link rel=\"canonical\" href=\"https:\/\/sonora.ms.gov.br\/v2\/processo-seletivo-simplificado-005-2025-saude\/\" \/>\n<meta property=\"og:locale\" content=\"pt_BR\" \/>\n<meta property=\"og:type\" content=\"article\" \/>\n<meta property=\"og:title\" content=\"Processo Seletivo Simplificado 005\/2025 (Sa\u00fade) - Prefeitura Municipal de Sonora\" \/>\n<meta property=\"og:description\" content=\"Para mais informa\u00e7\u00f5es, consulte os editais abaixo: Edital 001 Edital de Abertura (Clique para Abrir) Per\u00edodo de inscri\u00e7\u00e3o: &#8211; In\u00edcio das Inscri\u00e7\u00f5es: 13\/01\/2025 (7h00) &#8211; T\u00e9rmino das Inscri\u00e7\u00f5es: 16\/01\/2025 (11h00) Das Inscri\u00e7\u00f5es: A entrega dos documentos para as inscri\u00e7\u00f5es ser\u00e3o realizadas no per\u00edodo de 13 a 16 de janeiro de 2025, cronograma completo no Anexo [&hellip;]\" \/>\n<meta property=\"og:url\" content=\"https:\/\/sonora.ms.gov.br\/v2\/processo-seletivo-simplificado-005-2025-saude\/\" \/>\n<meta property=\"og:site_name\" content=\"Prefeitura Municipal de Sonora\" \/>\n<meta property=\"article:publisher\" content=\"https:\/\/www.facebook.com\/Prefeitura-Municipal-de-Sonora-320210145060198\" \/>\n<meta property=\"article:modified_time\" content=\"2025-01-12T20:11:57+00:00\" \/>\n<meta name=\"twitter:card\" content=\"summary_large_image\" \/>\n<meta name=\"twitter:label1\" content=\"Est. tempo de leitura\" \/>\n\t<meta name=\"twitter:data1\" content=\"1 minuto\" \/>\n<script type=\"application\/ld+json\" class=\"yoast-schema-graph\">{\"@context\":\"https:\\\/\\\/schema.org\",\"@graph\":[{\"@type\":\"WebPage\",\"@id\":\"https:\\\/\\\/sonora.ms.gov.br\\\/v2\\\/processo-seletivo-simplificado-005-2025-saude\\\/\",\"url\":\"https:\\\/\\\/sonora.ms.gov.br\\\/v2\\\/processo-seletivo-simplificado-005-2025-saude\\\/\",\"name\":\"Processo Seletivo Simplificado 005\\\/2025 (Sa\u00fade) - Prefeitura Municipal de Sonora\",\"isPartOf\":{\"@id\":\"https:\\\/\\\/sonora.ms.gov.br\\\/v2\\\/#website\"},\"datePublished\":\"2025-01-11T20:13:53+00:00\",\"dateModified\":\"2025-01-12T20:11:57+00:00\",\"breadcrumb\":{\"@id\":\"https:\\\/\\\/sonora.ms.gov.br\\\/v2\\\/processo-seletivo-simplificado-005-2025-saude\\\/#breadcrumb\"},\"inLanguage\":\"pt-BR\",\"potentialAction\":[{\"@type\":\"ReadAction\",\"target\":[\"https:\\\/\\\/sonora.ms.gov.br\\\/v2\\\/processo-seletivo-simplificado-005-2025-saude\\\/\"]}]},{\"@type\":\"BreadcrumbList\",\"@id\":\"https:\\\/\\\/sonora.ms.gov.br\\\/v2\\\/processo-seletivo-simplificado-005-2025-saude\\\/#breadcrumb\",\"itemListElement\":[{\"@type\":\"ListItem\",\"position\":1,\"name\":\"In\u00edcio\",\"item\":\"https:\\\/\\\/sonora.ms.gov.br\\\/v2\\\/\"},{\"@type\":\"ListItem\",\"position\":2,\"name\":\"Processo Seletivo Simplificado 005\\\/2025 (Sa\u00fade)\"}]},{\"@type\":\"WebSite\",\"@id\":\"https:\\\/\\\/sonora.ms.gov.br\\\/v2\\\/#website\",\"url\":\"https:\\\/\\\/sonora.ms.gov.br\\\/v2\\\/\",\"name\":\"Prefeitura Municipal de Sonora\",\"description\":\"Poder Executivo\",\"potentialAction\":[{\"@type\":\"SearchAction\",\"target\":{\"@type\":\"EntryPoint\",\"urlTemplate\":\"https:\\\/\\\/sonora.ms.gov.br\\\/v2\\\/?s={search_term_string}\"},\"query-input\":{\"@type\":\"PropertyValueSpecification\",\"valueRequired\":true,\"valueName\":\"search_term_string\"}}],\"inLanguage\":\"pt-BR\"}]}<\/script>\n<!-- \/ Yoast SEO plugin. -->","yoast_head_json":{"title":"Processo Seletivo Simplificado 005\/2025 (Sa\u00fade) - Prefeitura Municipal de Sonora","robots":{"index":"index","follow":"follow","max-snippet":"max-snippet:-1","max-image-preview":"max-image-preview:large","max-video-preview":"max-video-preview:-1"},"canonical":"https:\/\/sonora.ms.gov.br\/v2\/processo-seletivo-simplificado-005-2025-saude\/","og_locale":"pt_BR","og_type":"article","og_title":"Processo Seletivo Simplificado 005\/2025 (Sa\u00fade) - Prefeitura Municipal de Sonora","og_description":"Para mais informa\u00e7\u00f5es, consulte os editais abaixo: Edital 001 Edital de Abertura (Clique para Abrir) Per\u00edodo de inscri\u00e7\u00e3o: &#8211; In\u00edcio das Inscri\u00e7\u00f5es: 13\/01\/2025 (7h00) &#8211; T\u00e9rmino das Inscri\u00e7\u00f5es: 16\/01\/2025 (11h00) Das Inscri\u00e7\u00f5es: A entrega dos documentos para as inscri\u00e7\u00f5es ser\u00e3o realizadas no per\u00edodo de 13 a 16 de janeiro de 2025, cronograma completo no Anexo [&hellip;]","og_url":"https:\/\/sonora.ms.gov.br\/v2\/processo-seletivo-simplificado-005-2025-saude\/","og_site_name":"Prefeitura Municipal de Sonora","article_publisher":"https:\/\/www.facebook.com\/Prefeitura-Municipal-de-Sonora-320210145060198","article_modified_time":"2025-01-12T20:11:57+00:00","twitter_card":"summary_large_image","twitter_misc":{"Est. tempo de leitura":"1 minuto"},"schema":{"@context":"https:\/\/schema.org","@graph":[{"@type":"WebPage","@id":"https:\/\/sonora.ms.gov.br\/v2\/processo-seletivo-simplificado-005-2025-saude\/","url":"https:\/\/sonora.ms.gov.br\/v2\/processo-seletivo-simplificado-005-2025-saude\/","name":"Processo Seletivo Simplificado 005\/2025 (Sa\u00fade) - Prefeitura Municipal de Sonora","isPartOf":{"@id":"https:\/\/sonora.ms.gov.br\/v2\/#website"},"datePublished":"2025-01-11T20:13:53+00:00","dateModified":"2025-01-12T20:11:57+00:00","breadcrumb":{"@id":"https:\/\/sonora.ms.gov.br\/v2\/processo-seletivo-simplificado-005-2025-saude\/#breadcrumb"},"inLanguage":"pt-BR","potentialAction":[{"@type":"ReadAction","target":["https:\/\/sonora.ms.gov.br\/v2\/processo-seletivo-simplificado-005-2025-saude\/"]}]},{"@type":"BreadcrumbList","@id":"https:\/\/sonora.ms.gov.br\/v2\/processo-seletivo-simplificado-005-2025-saude\/#breadcrumb","itemListElement":[{"@type":"ListItem","position":1,"name":"In\u00edcio","item":"https:\/\/sonora.ms.gov.br\/v2\/"},{"@type":"ListItem","position":2,"name":"Processo Seletivo Simplificado 005\/2025 (Sa\u00fade)"}]},{"@type":"WebSite","@id":"https:\/\/sonora.ms.gov.br\/v2\/#website","url":"https:\/\/sonora.ms.gov.br\/v2\/","name":"Prefeitura Municipal de Sonora","description":"Poder Executivo","potentialAction":[{"@type":"SearchAction","target":{"@type":"EntryPoint","urlTemplate":"https:\/\/sonora.ms.gov.br\/v2\/?s={search_term_string}"},"query-input":{"@type":"PropertyValueSpecification","valueRequired":true,"valueName":"search_term_string"}}],"inLanguage":"pt-BR"}]}},"_links":{"self":[{"href":"https:\/\/sonora.ms.gov.br\/v2\/wp-json\/wp\/v2\/pages\/12223","targetHints":{"allow":["GET"]}}],"collection":[{"href":"https:\/\/sonora.ms.gov.br\/v2\/wp-json\/wp\/v2\/pages"}],"about":[{"href":"https:\/\/sonora.ms.gov.br\/v2\/wp-json\/wp\/v2\/types\/page"}],"author":[{"embeddable":true,"href":"https:\/\/sonora.ms.gov.br\/v2\/wp-json\/wp\/v2\/users\/1"}],"replies":[{"embeddable":true,"href":"https:\/\/sonora.ms.gov.br\/v2\/wp-json\/wp\/v2\/comments?post=12223"}],"version-history":[{"count":4,"href":"https:\/\/sonora.ms.gov.br\/v2\/wp-json\/wp\/v2\/pages\/12223\/revisions"}],"predecessor-version":[{"id":12232,"href":"https:\/\/sonora.ms.gov.br\/v2\/wp-json\/wp\/v2\/pages\/12223\/revisions\/12232"}],"wp:attachment":[{"href":"https:\/\/sonora.ms.gov.br\/v2\/wp-json\/wp\/v2\/media?parent=12223"}],"curies":[{"name":"wp","href":"https:\/\/api.w.org\/{rel}","templated":true}]}}